{"id":849,"date":"2022-02-20T01:12:03","date_gmt":"2022-02-19T22:12:03","guid":{"rendered":"http:\/\/boylufidan.com\/?page_id=849"},"modified":"2022-02-20T01:55:00","modified_gmt":"2022-02-19T22:55:00","slug":"hakkimizda","status":"publish","type":"page","link":"https:\/\/boylufidan.com\/index.php\/hakkimizda\/","title":{"rendered":"HAKKIMIZDA"},"content":{"rendered":"\n<p class=\"has-black-color has-text-color\" style=\"font-size:25px\">ALAN F\u0130DANCILIK<\/p>\n\n\n\n<p class=\"has-black-color has-text-color\" style=\"font-size:17px\">Firmam\u0131z Bal\u0131kesir Band\u0131rma il\u00e7esinde \u00fcretim yapmaktad\u0131r. \u00dcretimi yapt\u0131\u011f\u0131m\u0131z fidanlar sertifikal\u0131 olup garanti kapsam\u0131ndad\u0131r. Tar\u0131m ve Orman Bakanl\u0131\u011f\u0131&#8217;n\u0131n onay verdi\u011fi mavi Sertifikal\u0131d\u0131r. Fidanlar\u0131m\u0131z ismine do\u011fru a\u015f\u0131lanmaktad\u0131r.<\/p>\n\n\n\n<figure class=\"wp-block-gallery columns-3 is-cropped\"><ul class=\"blocks-gallery-grid\"><li class=\"blocks-gallery-item\"><figure><img loading=\"lazy\" width=\"840\" height=\"806\" src=\"http:\/\/boylufidan.com\/wp-content\/uploads\/2022\/02\/ceviz2.jpg\" alt=\"\" data-id=\"852\" data-full-url=\"http:\/\/boylufidan.com\/wp-content\/uploads\/2022\/02\/ceviz2.jpg\" data-link=\"http:\/\/boylufidan.com\/index.php\/hakkimizda\/ceviz2\/\" class=\"wp-image-852\" srcset=\"https:\/\/boylufidan.com\/wp-content\/uploads\/2022\/02\/ceviz2.jpg 840w, https:\/\/boylufidan.com\/wp-content\/uploads\/2022\/02\/ceviz2-600x576.jpg 600w, https:\/\/boylufidan.com\/wp-content\/uploads\/2022\/02\/ceviz2-300x288.jpg 300w, https:\/\/boylufidan.com\/wp-content\/uploads\/2022\/02\/ceviz2-768x737.jpg 768w\" sizes=\"(max-width: 840px) 100vw, 840px\" \/><\/figure><\/li><li class=\"blocks-gallery-item\"><figure><img loading=\"lazy\" width=\"600\" height=\"800\" src=\"http:\/\/boylufidan.com\/wp-content\/uploads\/2022\/02\/ceviz3.jpg\" alt=\"\" data-id=\"853\" data-full-url=\"http:\/\/boylufidan.com\/wp-content\/uploads\/2022\/02\/ceviz3.jpg\" data-link=\"http:\/\/boylufidan.com\/index.php\/hakkimizda\/ceviz3-2\/\" class=\"wp-image-853\" srcset=\"https:\/\/boylufidan.com\/wp-content\/uploads\/2022\/02\/ceviz3.jpg 600w, https:\/\/boylufidan.com\/wp-content\/uploads\/2022\/02\/ceviz3-225x300.jpg 225w\" sizes=\"(max-width: 600px) 100vw, 600px\" \/><\/figure><\/li><li class=\"blocks-gallery-item\"><figure><img loading=\"lazy\" width=\"600\" height=\"800\" src=\"http:\/\/boylufidan.com\/wp-content\/uploads\/2022\/02\/ceviz4.jpg\" alt=\"\" data-id=\"854\" data-full-url=\"http:\/\/boylufidan.com\/wp-content\/uploads\/2022\/02\/ceviz4.jpg\" data-link=\"http:\/\/boylufidan.com\/index.php\/hakkimizda\/ceviz4\/\" class=\"wp-image-854\" srcset=\"https:\/\/boylufidan.com\/wp-content\/uploads\/2022\/02\/ceviz4.jpg 600w, https:\/\/boylufidan.com\/wp-content\/uploads\/2022\/02\/ceviz4-225x300.jpg 225w\" sizes=\"(max-width: 600px) 100vw, 600px\" \/><\/figure><\/li><\/ul><\/figure>\n\n\n\n<h2 class=\"has-black-color has-text-color\" style=\"font-size:25px\">\u00dcRET\u0130M TES\u0130SLER\u0130M\u0130Z<\/h2>\n\n\n\n<figure class=\"wp-block-gallery columns-0 is-cropped\"><ul class=\"blocks-gallery-grid\"><\/ul><\/figure>\n","protected":false},"excerpt":{"rendered":"<p>ALAN F\u0130DANCILIK Firmam\u0131z Bal\u0131kesir Band\u0131rma il\u00e7esinde \u00fcretim yapmaktad\u0131r. \u00dcretimi yapt\u0131\u011f\u0131m\u0131z fidanlar sertifikal\u0131 olup garanti kapsam\u0131ndad\u0131r. Tar\u0131m ve Orman Bakanl\u0131\u011f\u0131&#8217;n\u0131n onay verdi\u011fi mavi Sertifikal\u0131d\u0131r. Fidanlar\u0131m\u0131z ismine do\u011fru a\u015f\u0131lanmaktad\u0131r. \u00dcRET\u0130M TES\u0130SLER\u0130M\u0130Z<\/p>\n","protected":false},"author":1,"featured_media":0,"parent":0,"menu_order":0,"comment_status":"closed","ping_status":"closed","template":"","meta":{"om_disable_all_campaigns":false,"_monsterinsights_skip_tracking":false,"_monsterinsights_sitenote_active":false,"_monsterinsights_sitenote_note":"","_monsterinsights_sitenote_category":0},"_links":{"self":[{"href":"https:\/\/boylufidan.com\/index.php\/wp-json\/wp\/v2\/pages\/849"}],"collection":[{"href":"https:\/\/boylufidan.com\/index.php\/wp-json\/wp\/v2\/pages"}],"about":[{"href":"https:\/\/boylufidan.com\/index.php\/wp-json\/wp\/v2\/types\/page"}],"author":[{"embeddable":true,"href":"https:\/\/boylufidan.com\/index.php\/wp-json\/wp\/v2\/users\/1"}],"replies":[{"embeddable":true,"href":"https:\/\/boylufidan.com\/index.php\/wp-json\/wp\/v2\/comments?post=849"}],"version-history":[{"count":5,"href":"https:\/\/boylufidan.com\/index.php\/wp-json\/wp\/v2\/pages\/849\/revisions"}],"predecessor-version":[{"id":861,"href":"https:\/\/boylufidan.com\/index.php\/wp-json\/wp\/v2\/pages\/849\/revisions\/861"}],"wp:attachment":[{"href":"https:\/\/boylufidan.com\/index.php\/wp-json\/wp\/v2\/media?parent=849"}],"curies":[{"name":"wp","href":"https:\/\/api.w.org\/{rel}","templated":true}]}}